Dec 03 03:14:39.969 INFO testing letsencrypt-inwx-1.1.0 against master#8940af3cea4a9a9deabcaf843b2f8cad9a83fc61 for beta-1.31-5
Dec 03 03:14:39.969 INFO running `"docker" "create" "-v" "/mnt/big/crater/work/local/target-dirs/beta-1.31-5/worker-5/master#8940af3cea4a9a9deabcaf843b2f8cad9a83fc61:/target:rw,Z" "-v" "/mnt/big/crater/work/local/test-source/worker-5/beta-1.31-5/master#8940af3cea4a9a9deabcaf843b2f8cad9a83fc61:/source:ro,Z" "-v" "/mnt/big/crater/work/local/cargo-home:/cargo-home:ro,Z" "-v" "/mnt/big/crater/work/local/rustup-home:/rustup-home:ro,Z" "-e" "USER_ID=1000" "-e" "SOURCE_DIR=/source" "-e" "USER_ID=1000" "-e" "CMD=cargo +8940af3cea4a9a9deabcaf843b2f8cad9a83fc61-alt build --frozen" "-e" "CARGO_TARGET_DIR=/target" "-e" "CARGO_INCREMENTAL=0" "-e" "RUST_BACKTRACE=full" "-e" "RUSTFLAGS=--cap-lints=warn" "-e" "CARGO_HOME=/cargo-home" "-e" "RUSTUP_HOME=/rustup-home" "-m" "1536M" "--network" "none" "crater"`
Dec 03 03:14:40.269 INFO [stdout] 081ad0f17d8efbfda849e05b63d8f225d8c97e39a6931ee11582d19f6da32a79
Dec 03 03:14:40.273 INFO running `"docker" "start" "-a" "081ad0f17d8efbfda849e05b63d8f225d8c97e39a6931ee11582d19f6da32a79"`
Dec 03 03:14:40.895 INFO [stderr] usermod: no changes
Dec 03 03:14:41.297 INFO [stderr]    Compiling radix_trie v0.1.4
Dec 03 03:14:41.301 INFO [stderr]    Compiling data-encoding-macro-internal v0.1.5
Dec 03 03:14:41.301 INFO [stderr]    Compiling cookie v0.10.1
Dec 03 03:14:41.302 INFO [stderr]    Compiling error-chain v0.1.12
Dec 03 03:14:44.015 INFO [stderr]    Compiling trust-dns-proto v0.4.3
Dec 03 03:14:49.503 INFO [stderr]    Compiling data-encoding-macro v0.1.5
Dec 03 03:14:58.203 INFO [stderr]    Compiling trust-dns v0.14.0
Dec 03 03:15:07.543 INFO [stderr]    Compiling letsencrypt-inwx v1.1.0 (/source)
Dec 03 03:15:17.669 INFO [stderr] error[E0308]: mismatched types
Dec 03 03:15:17.669 INFO [stderr]    --> src/rpc.rs:144:39
Dec 03 03:15:17.669 INFO [stderr]     |
Dec 03 03:15:17.669 INFO [stderr] 144 |                     if let Ok(code) = evaluate_xpath(&package.as_document(), "/methodResponse/params/param/value/struct/member[name/text()=\"code\"]/value/int/text()") {
Dec 03 03:15:17.669 INFO [stderr]     |                                                      ^^^^^^^^^^^^^^^^^^^^^^ expected struct `sxd_document::dom::Document`, found a different struct `sxd_document::dom::Document`
Dec 03 03:15:17.669 INFO [stderr]     |
Dec 03 03:15:17.669 INFO [stderr]     = note: expected type `&sxd_document::dom::Document<'_>` (struct `sxd_document::dom::Document`)
Dec 03 03:15:17.669 INFO [stderr]                found type `&sxd_document::dom::Document<'_>` (struct `sxd_document::dom::Document`)
Dec 03 03:15:17.669 INFO [stderr] note: Perhaps two different versions of crate `sxd_document` are being used?
Dec 03 03:15:17.669 INFO [stderr]    --> src/rpc.rs:144:39
Dec 03 03:15:17.669 INFO [stderr]     |
Dec 03 03:15:17.669 INFO [stderr] 144 |                     if let Ok(code) = evaluate_xpath(&package.as_document(), "/methodResponse/params/param/value/struct/member[name/text()=\"code\"]/value/int/text()") {
Dec 03 03:15:17.669 INFO [stderr]     |                                                      ^^^^^^^^^^^^^^^^^^^^^^
Dec 03 03:15:17.669 INFO [stderr] 
Dec 03 03:15:17.927 INFO [stderr] error[E0308]: mismatched types
Dec 03 03:15:17.927 INFO [stderr]   --> src/inwx.rs:39:35
Dec 03 03:15:17.927 INFO [stderr]    |
Dec 03 03:15:17.927 INFO [stderr] 39 |             let msg = match evaluate_xpath(&response.get_document(), "/methodResponse/params/param/value/struct/member[name/text()=\"msg\"]/value/string/text()") {
Dec 03 03:15:17.927 INFO [stderr]    |                                            ^^^^^^^^^^^^^^^^^^^^^^^^ expected struct `sxd_document::dom::Document`, found a different struct `sxd_document::dom::Document`
Dec 03 03:15:17.927 INFO [stderr]    |
Dec 03 03:15:17.927 INFO [stderr]    = note: expected type `&sxd_document::dom::Document<'_>` (struct `sxd_document::dom::Document`)
Dec 03 03:15:17.927 INFO [stderr]               found type `&sxd_document::dom::Document<'_>` (struct `sxd_document::dom::Document`)
Dec 03 03:15:17.927 INFO [stderr] note: Perhaps two different versions of crate `sxd_document` are being used?
Dec 03 03:15:17.927 INFO [stderr]   --> src/inwx.rs:39:35
Dec 03 03:15:17.927 INFO [stderr]    |
Dec 03 03:15:17.927 INFO [stderr] 39 |             let msg = match evaluate_xpath(&response.get_document(), "/methodResponse/params/param/value/struct/member[name/text()=\"msg\"]/value/string/text()") {
Dec 03 03:15:17.927 INFO [stderr]    |                                            ^^^^^^^^^^^^^^^^^^^^^^^^
Dec 03 03:15:17.927 INFO [stderr] 
Dec 03 03:15:18.139 INFO [stderr] error[E0308]: mismatched types
Dec 03 03:15:18.139 INFO [stderr]   --> src/inwx.rs:87:57
Dec 03 03:15:18.139 INFO [stderr]    |
Dec 03 03:15:18.139 INFO [stderr] 87 |         if let Ok(Value::Nodeset(ref nodes)) = evaluate_xpath(&response.get_document(), "/methodResponse/params/param/value/struct/member[name/text()=\"resData\"]/value/struct/member[name/text()=\"domains\"]/value/array/data/value/struct/member[name/text()=\"domain\"]/value/string/text()") {
Dec 03 03:15:18.139 INFO [stderr]    |                                                               ^^^^^^^^^^^^^^^^^^^^^^^^ expected struct `sxd_document::dom::Document`, found a different struct `sxd_document::dom::Document`
Dec 03 03:15:18.139 INFO [stderr]    |
Dec 03 03:15:18.139 INFO [stderr]    = note: expected type `&sxd_document::dom::Document<'_>` (struct `sxd_document::dom::Document`)
Dec 03 03:15:18.139 INFO [stderr]               found type `&sxd_document::dom::Document<'_>` (struct `sxd_document::dom::Document`)
Dec 03 03:15:18.139 INFO [stderr] note: Perhaps two different versions of crate `sxd_document` are being used?
Dec 03 03:15:18.139 INFO [stderr]   --> src/inwx.rs:87:57
Dec 03 03:15:18.139 INFO [stderr]    |
Dec 03 03:15:18.139 INFO [stderr] 87 |         if let Ok(Value::Nodeset(ref nodes)) = evaluate_xpath(&response.get_document(), "/methodResponse/params/param/value/struct/member[name/text()=\"resData\"]/value/struct/member[name/text()=\"domains\"]/value/array/data/value/struct/member[name/text()=\"domain\"]/value/string/text()") {
Dec 03 03:15:18.139 INFO [stderr]    |                                                               ^^^^^^^^^^^^^^^^^^^^^^^^
Dec 03 03:15:18.139 INFO [stderr] 
Dec 03 03:15:18.315 INFO [stderr] error[E0308]: mismatched types
Dec 03 03:15:18.315 INFO [stderr]    --> src/inwx.rs:162:33
Dec 03 03:15:18.315 INFO [stderr]     |
Dec 03 03:15:18.315 INFO [stderr] 162 |         let id = match evaluate_xpath(&response.get_document(), "/methodResponse/params/param/value/struct/member[name/text()=\"resData\"]/value/struct/member[name/text()=\"record\"]/value/array/data/value[1]/struct/member[name/text()=\"id\"]/value/int/text()") {
Dec 03 03:15:18.315 INFO [stderr]     |                                       ^^^^^^^^^^^^^^^^^^^^^^^^ expected struct `sxd_document::dom::Document`, found a different struct `sxd_document::dom::Document`
Dec 03 03:15:18.315 INFO [stderr]     |
Dec 03 03:15:18.315 INFO [stderr]     = note: expected type `&sxd_document::dom::Document<'_>` (struct `sxd_document::dom::Document`)
Dec 03 03:15:18.315 INFO [stderr]                found type `&sxd_document::dom::Document<'_>` (struct `sxd_document::dom::Document`)
Dec 03 03:15:18.315 INFO [stderr] note: Perhaps two different versions of crate `sxd_document` are being used?
Dec 03 03:15:18.315 INFO [stderr]    --> src/inwx.rs:162:33
Dec 03 03:15:18.315 INFO [stderr]     |
Dec 03 03:15:18.315 INFO [stderr] 162 |         let id = match evaluate_xpath(&response.get_document(), "/methodResponse/params/param/value/struct/member[name/text()=\"resData\"]/value/struct/member[name/text()=\"record\"]/value/array/data/value[1]/struct/member[name/text()=\"id\"]/value/int/text()") {
Dec 03 03:15:18.315 INFO [stderr]     |                                       ^^^^^^^^^^^^^^^^^^^^^^^^
Dec 03 03:15:18.315 INFO [stderr] 
Dec 03 03:15:18.379 INFO [stderr] error: aborting due to 4 previous errors
Dec 03 03:15:18.379 INFO [stderr] 
Dec 03 03:15:18.379 INFO [stderr] For more information about this error, try `rustc --explain E0308`.
Dec 03 03:15:18.414 INFO [stderr] error: Could not compile `letsencrypt-inwx`.
Dec 03 03:15:18.414 INFO [stderr] 
Dec 03 03:15:18.414 INFO [stderr] To learn more, run the command again with --verbose.
Dec 03 03:15:18.414 INFO [stderr] su: No module specific data is present
Dec 03 03:15:18.967 INFO running `"docker" "inspect" "081ad0f17d8efbfda849e05b63d8f225d8c97e39a6931ee11582d19f6da32a79"`
Dec 03 03:15:19.231 INFO running `"docker" "rm" "-f" "081ad0f17d8efbfda849e05b63d8f225d8c97e39a6931ee11582d19f6da32a79"`
Dec 03 03:15:19.475 INFO [stdout] 081ad0f17d8efbfda849e05b63d8f225d8c97e39a6931ee11582d19f6da32a79
